?
-1230
In base 10, what is -951 - 4?
-955
In base 4, what is -1 + -23212?
-23213
In base 6, what is 1 - -4?
5
In base 13, what is -11 - 4?
-15
In base 13, what is -1a2a + -3?
-1a30
In base 3, what is -211 + 2120?
1202
In base 4, what is -10 + -1013?
-1023
In base 11, what is 354 + 5?
359
In base 5, what is 2240 - 12?
2223
In base 14, what is 5 - 1a6?
-1a1
In base 5, what is -41121 + -1?
-41122
In base 15, what is 2 - -11c?
11e
In base 9, what is -30 - -3?
-26
In base 4, what is -10 - -3321?
3311
In base 5, what is 1 + -132?
-131
In base 7, what is -2140 - 0?
-2140
In base 13, what is -4 + -c?
-13
In base 3, what is -221 - 11101?
-12022
In base 2, what is 110000011 + -1111?
101110100
In base 10, what is -1 - -956?
955
In base 12, what is 137 + -2?
135
In base 7, what is 102 + 0?
102
In base 13, what is 4a9 - 2?
4a7
In base 14, what is -20a - -3?
-207
In base 7, what is -605 + -4?
-612
In base 5, what is -4 - -123?
114
In base 11, what is 1 - -96?
97
In base 12, what is 7 - 46a?
-463
In base 16, what is -1 + -12?
-13
In base 11, what is -4 + -196?
-19a
In base 14, what is 339c + 3?
33a1
In base 6, what is -1 + -15?
-20
In base 12, what is 5 + 4000?
4005
In base 5, what is -311 - 31?
-342
In base 16, what is -5 + -13?
-18
In base 5, what is 0 - 14424?
-14424
In base 6, what is -3 - 103?
-110
In base 3, what is -11 - -1201212?
1201201
In base 13, what is 2 + b?
10
In base 11, what is -44 + 0?
-44
In base 16, what is -4 - 16e?
-172
In base 16, what is -97 + -1b?
-b2
In base 6, what is 401 - -2?
403
In base 8, what is 1054 - 1?
1053
In base 16, what is 1 + -e4?
-e3
In base 2, what is 10 - 110010?
-110000
In base 3, what is 112102 - 2?
112100
In base 11, what is 3 + 73a?
742
In base 11, what is -6a - 15?
-84
In base 2, what is -1 - -1001111?
1001110
In base 14, what is 19 - 385?
-36a
In base 16, what is 0 - 6d?
-6d
In base 2, what is 110 + 110100?
111010
In base 8, what is 5 + 621?
626
In base 13, what is -14 + 39?
25
In base 3, what is -10 + 1210221?
1210211
In base 16, what is -4 + -229?
-22d
In base 13, what is -186b - 5?
-1873
In base 10, what is 105 + 4?
109
In base 12, what is -115 - -1?
-114
In base 10, what is 192 - -1?
193
In base 9, what is 2 + -752?
-750
In base 16, what is 71 - 4?
6d
In base 11, what is -3 + 81?
79
In base 9, what is 2 + -1184?
-1182
In base 12, what is -8245 + -4?
-8249
In base 8, what is 4 + -37?
-33
In base 13, what is -13 + -4c?
-62
In base 6, what is 2111 - -1?
2112
In base 15, what is -b8 + -d?
-c6
In base 6, what is 45 - 0?
45
In base 13, what is c8 - -7?
102
In base 15, what is 2 + -113?
-111
In base 6, what is 30 - 115?
-45
In base 15, what is 5b - -10?
6b
In base 6, what is 223 - -4?
231
In base 4, what is -13 + -132021?
-132100
In base 10, what is -37593 + 4?
-37589
In base 16, what is -25 - 7?
-2c
In base 5, what is 1 - 24312?
-24311
In base 9, what is 486 + -36?
450
In base 9, what is -7 - -27?
20
In base 8, what is -4 - -66?
62
In base 10, what is 1 - 141?
-140
In base 16, what is 3 + -2a?
-27
In base 10, what is 346 - -2?
348
In base 9, what is 4 - 40?
-35
In base 15, what is -60e - 4?
-613
In base 9, what is 23540 + 3?
23543
In base 5, what is 22 + -201?
-124
In base 11, what is -21 + 35?
14
In base 12, what is -4 - a9?
-b1
In base 2, what is 110000 - 11101110?
-10111110
In base 12, what is -3 - 69?
-70
In base 7, what is -3162 - 6?
-3201
In base 9, what is 344 + 8?
353
In base 4, what is -11031 + -2?
-11033
In base 13, what is -1a3 - 3?
-1a6
In base 12, what is -4 + -4a?
-52
In base 12, what is 4 - 88?
-84
In base 12, what is 2 + 106?
108
In base 13, what is 530 - -3?
533
In base 6, what is 14 - -1?
15
In base 15, what is -5 + -1?
-6
In base 15, what is -1 - 22?
-23
In base 16, what is -4 + -5?
-9
In base 7, what is 1215 + 0?
1215
In base 7, what is -530 - 1?
-531
In base 14, what is -18c - -9?
-183
In base 4, what is 1112 - -11?
1123
In base 12, what is -296 - -6?
-290
In base 9, what is -4 + 17?
13
In base 4, what is 10 + -231031?
-231021
In base 12, what is 15 - -14?
29
In base 6, what is 1 - 24?
-23
In base 2, what is 110 + -1100010111?
-1100010001
In base 11, what is -7 + -14?
-20
In base 14, what is -1 - -a0?
9d
In base 9, what is -5 - -178?
173
In base 2, what is -10101110101 - -1?
-10101110100
In base 4, what is 2 - 2?
0
In base 8, what is 3 + 0?
3
In base 10, what is -1065 - -4?
-1061
In base 15, what is -5 + a5?
a0
In base 3, what is 12221 + 102?
20100
In base 3, what is 10 + -211212?
-211202
In base 2, what is 101 - -1000011110?
1000100011
In base 4, what is -1230 - -10?
-1220
In base 13, what is b5 + -55?
60
In base 7, what is 2603 + 1?
2604
In base 4, what is -11 - -203130?
203113
In base 12, what is 254 - -3?
257
In base 15, what is -16 - 434?
-44a
In base 6, what is 0 + -225?
-225
In base 8, what is -20572 + 2?
-20570
In base 6, what is 5 - 151?
-142
In base 15, what is 17 + e3?
10a
In base 16, what is -28 - -116?
ee
In base 14, what is 5d45 - 1?
5d44
In base 2, what is -110110 - -10011100?
1100110
In base 11, what is 0 - -2052?
2052
In base 11, what is 11 - -199?
1aa
In base 9, what is -23 + 1130?
1106
In base 14, what is c5 - 0?
c5
In base 16, what is 5 + -180?
-17b
In base 14, what is c55 - 2?
c53
In base 5, what is -14 - -1211?
1142
In base 8, what is -13102 + 0?
-13102
In base 15, what is 4 + -23e?
-23a
In base 12, what is 0 + -10?
-10
In base 13, what is 7 + 1?
8
In base 14, what is -4 + c?
8
In base 3, what is 2012200 - 12?
2012111
In base 7, what is -25 + 2001?
1643
In base 15, what is -2 - ae?
-b1
In base 5, what is 21 - -114?
140
In base 7, what is -2 + 2?
0
In base 13, what is -5 + a83?
a7b
In base 9, what is -536 + 3?
-533
In base 12, what is a + -1?
9
In base 16, what is e2 - 6?
dc
In base 2, what is -10010101101 - -1?
-10010101100
In base 11, what is 4 - -70?
74
In base 4, what is -111 - 3?
-120
In base 9, what is 6 + -287?
-281
In base 14, what is -4 + -188?
-18c
In base 4, what is 3 + -1230123?
-1230120
In base 4, what is 10 + -10210?
-10200
In base 13, what is -11 + 5c?
4b
In base 13, what is -27a + -5?
-282
In base 16, what is 3 - -8?
b
In base 14, what is -80 + 3?
-7b
In base 9, what is -124 - 8?
-133
In base 12, what is -4 - 508?
-510
In base 8, what is 13 - -10?
23
In base 15, what is 1 + -ea0?
-e9e
In base 4, what is -3 + -1213?
-1222
In base 15, what is -7 + e6?
de
In base 10, what is 9 - -1235?
1244
In base 15, what is d - -7?
15
In base 9, what is -3648 - 0?
-3648
In base 3, what is -10100 + 2?
-10021
In base 10, what is -4 + 33?
29
In base 16, what is -4 + -9e?
-a2
In base 4, what is 232 + -2?
230
In base 10, what is 15 - 24?
-9
In base 11, what is -5a6 + 7?
-59a
In base 16, what is 8 - 177?
-16f
In base 2, what is -1000100010 + 1?
-1000100001
In base 9, what is 478 - 6?
472
In base 11, what is 4 + -54?
-50
In base 15, what is d + 28?
36
In base 11, what is -4259 + 1?
-4258
In base 8, what is -5 - -263?
256
In base 11, what is 0 + 91?
91
In base 2, what is -1001101101110100 + 101?
-1001101101101111
In base 3, what is 201 + 2111?
10012
In base 6, what is -14 - -54?
40
In base 14, what is -331 - 3?
-334
In base 2, what is 1100 + -10000110?
-1111010
In base 8, what is 5 - 371?
-364
In base 4, what is -1313 - -12?
-1301
In base 4, what is -11 + 0?
-11
In base 15, what is 1e - -a?
29
In base 15, what is -4 + 15?
11
In base 14, what is -134 + -5?
-139
In base 11, what is -1 + -2?
-3
In base 2, what is -1111 - 101100?
-111011
In base 7, what is 1 - -15?
16
In base 4, what is -1223 + -3?
-1232
In base 9, what is -7783 - -4?
-7778
In base 5, what is 30 + -24?
1
In base 11, what is a + -71?
-62
In base 15, what is -d0 + -2?
-d2
In base 4, what is -23 + -13?
-102
In base 7, what is -1264 + 2?
-1262
In base 14, what is 13 - -6?
19
In base 10, what is -16 - 114?
-130
In base 12, what is -12 - 217?
-229
In base 4, what is -3203 + 3?
-3200
In base 15, what is 3a + 14?
4e
In base 13, what is 7a + 63?
110
In base 11, what is 14 - -1?
15
In base 11, what is -4 + -77?
-80
In base 11, what is -70 + 4?
-67
In base 9, what is -1663 - -3?
-1660
In base 15, what is 4 - -62d?
632
In base 12, what is -6 + 2?
-4
In base 7, what is -5222 - -4?
-5215
In base 5, what is 4113 - 24?
4034
In base 4, what is 1113 - 2?
1111
In base 12, what is -192 - -5?
-189
In base 6, what is -15021 - -5?
-1